h = -66 + x. List the prime factors of h.
2, 5
List the prime factors of 2/(-23) - 68742/(-207).
2, 83
Suppose -u + 7 = 4*y - 2*y, 10 = 5*y. Suppose -u*x = -5*x + 10. Suppose 4*l + 4 = 2*k + 62, -5*l + x*k + 60 = 0. List the prime factors of l.
17
Let k = -266 - -1313. What are the prime factors of k?
3, 349
Let g(j) = 4*j**2 + j - 3. Let s be g(3). Let d = 120 - s. Suppose 0 = 4*o + f - 99, -5*o + d = -o + 4*f. List the prime factors of o.
2, 13
List the prime factors of (1140/(-24) + 12)*-68.
2, 17, 71
What are the prime factors of (-4)/18 + (6 - (-17804)/9)?
2, 31
Let g be -2*((-165)/(-2))/(-5). Let i = 63 - g. What are the prime factors of i?
2, 3, 5
Suppose 3*y = -2*a + 13, 4*a + 4*y = -0*a + 32. Let t = a - 8. List the prime factors of t/(-12) - 74/(-8).
3
Let m(k) be the first derivative of k**3/3 + 9*k**2/2 + 10*k - 3. Let l be m(-8). Suppose 2*i - 5*u = 28, -12 = l*i - u + 6*u. What are the prime factors of i?
2
Let c(s) = 2*s**2 - 6*s + 30. What are the prime factors of c(-15)?
2, 3, 5, 19
Let y(p) = -2*p**3 - 17*p**2 - 9*p - 23. What are the prime factors of y(-11)?
3, 227
Let w = 19 + -15. Suppose -2*a = 2*a + 3*z - 137, -3*a = w*z - 101. Suppose 2*y = -5 + a. What are the prime factors of y?
3, 5
List the prime factors of 933 - ((-9 - -9) + 5).
2, 29
Let w(g) = 43*g - 244. List the prime factors of w(16).
2, 3, 37
Let g(b) = b**2 + 6*b + 5. Let p be g(-5). Suppose 26*l - 22*l - 72 = p. List the prime factors of l.
2, 3
Suppose -5*k = 5*s - 55, -6*s - 5*k = -2*s - 45. Let t(a) = a**2 - 5*a + 2. What are the prime factors of t(s)?
2, 13
Suppose 286*m + 5400 = 294*m. What are the prime factors of m?
3, 5
List the prime factors of 18/27 + (1 - 28245/(-9)).
2, 5, 157
Let q(k) = k + 10. Let t(r) = r + 2. Let u be t(-7). Let c be q(u). Suppose -y - w + 29 = 0, w = c*w + 20. What are the prime factors of y?
2, 17
Suppose 0*c + 3*c - 17 = 4*x, 2*c = 5*x + 9. Let d be (-1)/1*-19 + 0. Let v = c + d. List the prime factors of v.
2, 13
Let b be ((-3)/(-5))/(1/5). Suppose 2*d - b*d = -14. What are the prime factors of d?
2, 7
Let q(a) = a**3 + 18*a**2 + 38*a + 115. What are the prime factors of q(-15)?
2, 5, 11
Suppose 7*i - 4 = 6*i. Suppose 0 = -i*j + 2*j + 130. Suppose j = d - 0*d. What are the prime factors of d?
5, 13
Suppose 0*g = -2*g - 32. Let b be (-4)/(g/12) - -2. Suppose b*r = -3*v + 97, -6*r - 5*v = -r - 95. List the prime factors of r.
2, 5
Let r(l) = 21*l + 14. Let a be r(-5). Let h = a - -49. List the prime factors of (h/12)/((-1)/10).
5, 7
Let m(n) = n**3 - 5*n**2 + 4*n + 5. Let w be m(4). Let x(b) = 3*b - 11. Let p(y) = -1. Let g(t) = w*p(t) + x(t). What are the prime factors of g(7)?
5
What are the prime factors of ((-3464)/(-10))/(6/15)?
2, 433
Let a = -5 - -9. Suppose 5*o = 14*o. Suppose -2*y + 2*w + 94 = o, -a*w - 16 = -0*w. What are the prime factors of y?
43
Let l(v) = 6*v - 9 - 11*v + 14*v**2 + 8*v. List the prime factors of l(3).
2, 3, 7
Let q(s) = -24*s - 23. List the prime factors of q(-8).
13
Let v(p) be the first derivative of p**3/3 + 2*p**2 + 64*p + 20. What are the prime factors of v(-10)?
2, 31
Suppose -7*u - 1138 = -3*u - 2*o, -5*o = 2*u + 587. Let g = u + 560. List the prime factors of g.
2, 137
Let w(n) = -149*n - 145. What are the prime factors of w(-11)?
2, 3, 83
List the prime factors of 236*1 - 336/42.
2, 3, 19
Let z = 1323 - -1497. What are the prime factors of z?
2, 3, 5, 47
Suppose -34*x + 37*x = 294. List the prime factors of x.
2, 7
Let d = -80 - 1. Let r = 47 + d. Let z = r - -85. List the prime factors of z.
3, 17
Suppose 5*k = 3*u - 21 - 13, -12 = -u + 2*k. Let r = u - 6. Suppose 3*t = -3*w + 84, -r*t = 3*w - 2 - 55. List the prime factors of t.
3
Let p be ((-6)/(-12))/(2/(-4)). Let x(r) = -2*r**3 - 3*r**2 - r + 1. Let k be x(p). What are the prime factors of k - -71*(0 - -1)?
2, 3
Let p(t) = 2*t**2 + 7*t + 27. List the prime factors of p(-16).
7, 61
Let l = 2431 + -1442. What are the prime factors of l?
23, 43
Let g(a) = a**3 - 3*a - 3. Let y be g(-2). Suppose 4*f + u = -2, 3*f + 3*u = -4 - 2. Let s = f - y. What are the prime factors of s?
5
Suppose 0*k = -5*k + 25. Suppose -5*x + 21 = k*z - 4, 2*x + 5*z = 13. Suppose -x*l = -54 - 122. What are the prime factors of l?
2, 11
Let v = 23 + -17. List the prime factors of (-9)/v + 166/4.
2, 5
Suppose -21 = -r + x, -7 = 4*r + 5*x - 73. Suppose -15*z + r*z - 64 = 0. What are the prime factors of z?
2
Suppose 15 - 6 = 3*f. Suppose 0 = 3*h - f*z - 333, 5*h + z = 303 + 282. List the prime factors of h.
2, 29
Let d(w) = w**2 + 8*w + 8. Let a(k) = -k**3 - 16*k**2 + 17*k - 6. Let i be a(-17). Let x be d(i). Let h(y) = y**2 + 4*y + 3. List the prime factors of h(x).
3
Suppose 249 = 2*o - 281. What are the prime factors of o?
5, 53
Suppose -5*g - 3386 = -2*l, -4*l + 8*g = 7*g - 6772. List the prime factors of l.
1693
Let m(t) = -t**3 + 9*t**2 + 16*t + 4. Let x be m(9). Suppose 0*n + n + x = 4*w, 5*n + 111 = 3*w. What are the prime factors of w?
37
Let g be 3 + 3 + 2 + 9/(-3). Suppose -8*b = o - 3*b - 41, -g*o = 2*b - 90. What are the prime factors of o?
2
Let w(m) = -m**2 + 5*m + 6. Let h be w(6). Suppose -q - 3*q = h. Suppose 4*z - 76 = -q*z. List the prime factors of z.
19
Let w = 8 - -27. Let a = w - 9. List the prime factors of a.
2, 13
Suppose 9 = -3*t, 0 = -3*p - 5*t - 2 - 4. Suppose 84 = p*z - 153. List the prime factors of z.
79
Let h(g) = 23*g**2 - 11*g + 30. Let c = 135 + -131. What are the prime factors of h(c)?
2, 3, 59
Let g(s) = s**3 + 7*s**2 + 7*s - 7. Let i be g(-5). Suppose -1 = -d + i. What are the prime factors of d?
3
Let i(l) = -18*l**3 + 47*l**2 - 3*l + 1. What are the prime factors of i(-3)?
919
Let u(k) = -44*k**3 + 9*k + 19. List the prime factors of u(-3).
2, 5, 59
Suppose -3*v - 1 = -2*o, -3*o + 5*o - 13 = -v. Let t be (2/v)/(10/(-15)). List the prime factors of t/((6/82)/(-3)).
41
Let u be (-19)/3 + 18/(-27). List the prime factors of 29/3 + u/(-21).
2, 5
Let m be (-12)/4 + (7 - 0). List the prime factors of ((42/m)/(-7))/((-3)/142).
71
Suppose 2*j + 3*p = -2*j - 671, 0 = 3*j - p + 500. Let x = j + 266. Suppose -11 - x = -5*s. List the prime factors of s.
2, 11
Let p(b) = 6*b. Let y be p(2). Suppose 5*f = 5*d + 75, 4*f + 0*f - y = 0. Let m(q) = q**3 + 12*q**2 - 3*q - 10. List the prime factors of m(d).
2, 13
Suppose -52 = 3*k - 2*p, 5*p = -k + 2*p + 1. Let j be (35/k)/((-2)/(-16)). Let c = j - -50. List the prime factors of c.
2, 3, 5
Suppose m + 1836 = 18*f - 16*f, -4*m = -8. What are the prime factors of f?
919
Let v be 7 + -6 - 1 - (-1 + 0). What are the prime factors of 1/v*(74 - 21)?
53
Let l = 39 + -18. Suppose -l + 1 = -2*i. List the prime factors of i.
2, 5
Let u = -110 - -570. What are the prime factors of u?
2, 5, 23
Let n = -5 - -5. Suppose 2*w - 6*w - 4*g = 16, 8 = -4*w - 2*g. Suppose -3*z + 63 = -5*h, -3*z + n*z + 2*h + 72 = w. What are the prime factors of z?
2, 13
Suppose 3*z = 4*o + 14105, -2*z - 4*o + 7858 = -1572. List the prime factors of z.
3, 523
Suppose 4*j - 5*l = 80, -5*j - l = -36 - 35. Let b = j - -45. List the prime factors of b.
2, 3, 5
Suppose -k = -o - 5, -2*k - 4*o = -4*k + 2. What are the prime factors of (7 - k) + ((-294)/(-2) - 0)?
5, 29
Let p = -87 + 325. What are the prime factors of p?
2, 7, 17
Let y = -60 - -185. Suppose c + l = 0, 0*c = 3*c + 2*l - 3. Suppose c*r - y = -14. List the prime factors of r.
37
Let p(o) = -83*o**2 + 5*o - 2. Let x(u) = -u**2 - u. Let w(d) = -p(d) - 2*x(d). What are the prime factors of w(1)?
2, 3, 7
What are the prime factors of ((-1)/4)/((-624954)/(-312488) + -2)?
53, 67
Let a(u) = -15 + 3 + 22*u + 2 - 18. List the prime factors of a(13).
2, 3, 43
Let p(v) = 124*v - 241. List the prime factors of p(26).
19, 157
Suppose 5*n - 5*v - 40 = 0, -3*v - 1 = 5. Let g(l) = 20*l - 22*l - 1 + n*l**2 + l**2. List the prime factors of g(2).
23
Let p = -550 - -818. Let w = p - 160. What are the prime factors of w?
2, 3
Let d(g) = -g + 1. Let m(s) = -s**2 + 11*s + 16. Let a be m(12). Suppose i + 5 + 4 = 4*u, -i - a*u = -7. What are the prime factors of d(i)?
2
Let g(c) = c**2 - 11*c + 22. List the prime factors of g(24).
2, 167
Let z(c) = -4 - 181*c + 77*c + 86*c. Let u be z(-1). Suppose -41 = -u*n + 13*n. List the prime factors of n.
41
Suppose b - 49 - 42 = 0. Suppose 4*i = 1